{"id":148,"date":"2026-01-07T03:43:45","date_gmt":"2026-01-07T03:43:45","guid":{"rendered":"https:\/\/eriva.site\/?post_type=product&#038;p=148"},"modified":"2026-04-10T01:48:24","modified_gmt":"2026-04-10T01:48:24","slug":"ao-thun-nam-nu-oversize","status":"publish","type":"product","link":"https:\/\/eriva.site\/?product=ao-thun-nam-nu-oversize","title":{"rendered":"\u00c1O THUN NAM N\u1eee OVERSIZE &#8211; GH5104"},"content":{"rendered":"<h3 data-path-to-node=\"2\"><b data-path-to-node=\"2\" data-index-in-node=\"0\">M\u00f4 t\u1ea3 thi\u1ebft k\u1ebf<\/b><\/h3>\n<ul data-path-to-node=\"3\">\n<li>\n<p data-path-to-node=\"3,0,0\"><b data-path-to-node=\"3,0,0\" data-index-in-node=\"0\">M\u1eb7t tr\u01b0\u1edbc:<\/b> Mang phong c\u00e1ch t\u1ed1i gi\u1ea3n v\u1edbi logo &#8220;Eriva Creative Entrepreneur&#8221; \u0111\u01b0\u1ee3c in nh\u1ecf tinh t\u1ebf \u1edf ng\u1ef1c tr\u00e1i, t\u1ea1o v\u1ebb ngo\u00e0i hi\u1ec7n \u0111\u1ea1i v\u00e0 chuy\u00ean nghi\u1ec7p.<\/p>\n<\/li>\n<li>\n<p data-path-to-node=\"3,1,0\"><b data-path-to-node=\"3,1,0\" data-index-in-node=\"0\">M\u1eb7t sau:<\/b> \u0110i\u1ec3m nh\u1ea5n l\u00e0 h\u00ecnh in G\u1ea5u Graffiti kh\u1ed5 l\u1edbn c\u1ef1c ng\u1ea7u v\u1edbi c\u00e1c hi\u1ec7u \u1ee9ng s\u01a1n ch\u1ea3y (Drip Art) v\u00e0 m\u1eaft ch\u1eef &#8220;X&#8221;. T\u00f4ng m\u00e0u h\u1ed3ng neon tr\u00ean n\u1ec1n g\u1ea5u \u0111en tr\u1eafng t\u1ea1o s\u1ef1 t\u01b0\u01a1ng ph\u1ea3n m\u1ea1nh m\u1ebd, \u0111\u1eadm ch\u1ea5t \u0111\u01b0\u1eddng ph\u1ed1.<\/p>\n<\/li>\n<li>\n<p data-path-to-node=\"3,2,0\"><b data-path-to-node=\"3,2,0\" data-index-in-node=\"0\">V\u1ecb tr\u00ed Logo nh\u1eadn di\u1ec7n:<\/b> M\u1ed9t b\u1ea3n logo &#8220;Eriva&#8221; \u0111\u01b0\u1ee3c \u0111\u1eb7t c\u1ed1 \u0111\u1ecbnh \u1edf g\u00f3c tr\u00ean c\u00f9ng c\u1ee7a khung h\u00ecnh gi\u00fap t\u0103ng \u0111\u1ed9 nh\u1eadn di\u1ec7n th\u01b0\u01a1ng hi\u1ec7u khi qu\u1ea3ng b\u00e1.<\/p>\n<\/li>\n<li>\n<p data-path-to-node=\"3,3,0\"><b data-path-to-node=\"3,3,0\" data-index-in-node=\"0\">Form d\u00e1ng:<\/b> D\u00e1ng \u00e1o Oversize Unisex, c\u1ed5 tr\u00f2n bo d\u1ec7t d\u00e0y d\u1eb7n, ph\u00f9 h\u1ee3p cho c\u1ea3 nam v\u00e0 n\u1eef y\u00eau th\u00edch s\u1ef1 tho\u1ea3i m\u00e1i v\u00e0 n\u0103ng \u0111\u1ed9ng.<\/p>\n<\/li>\n<\/ul>\n","protected":false},"excerpt":{"rendered":"<p>M\u00f4 t\u1ea3 thi\u1ebft k\u1ebf M\u1eb7t tr\u01b0\u1edbc: Mang phong c\u00e1ch t\u1ed1i gi\u1ea3n v\u1edbi logo &#8220;Eriva Creative Entrepreneur&#8221; \u0111\u01b0\u1ee3c in nh\u1ecf tinh t\u1ebf \u1edf ng\u1ef1c tr\u00e1i, t\u1ea1o v\u1ebb ngo\u00e0i hi\u1ec7n \u0111\u1ea1i v\u00e0 chuy\u00ean nghi\u1ec7p. M\u1eb7t sau: \u0110i\u1ec3m nh\u1ea5n l\u00e0 h\u00ecnh in G\u1ea5u Graffiti kh\u1ed5 l\u1edbn c\u1ef1c ng\u1ea7u v\u1edbi c\u00e1c hi\u1ec7u \u1ee9ng s\u01a1n ch\u1ea3y (Drip Art) v\u00e0 m\u1eaft &hellip; <\/p>\n","protected":false},"featured_media":153,"comment_status":"open","ping_status":"closed","template":"","meta":[],"product_brand":[],"product_cat":[16],"product_tag":[],"class_list":{"0":"post-148","1":"product","2":"type-product","3":"status-publish","4":"has-post-thumbnail","6":"product_cat-khong-co","8":"first","9":"instock","10":"sale","11":"shipping-taxable","12":"purchasable","13":"product-type-simple"},"yoast_head":"<!-- This site is optimized with the Yoast SEO plugin v26.8 - https:\/\/yoast.com\/product\/yoast-seo-wordpress\/ -->\n<title>\u00c1O THUN NAM N\u1eee OVERSIZE - GH5104 - Eriva<\/title>\n<meta name=\"robots\" content=\"index, follow, max-snippet:-1, max-image-preview:large, max-video-preview:-1\" \/>\n<link rel=\"canonical\" href=\"https:\/\/eriva.site\/?product=ao-thun-nam-nu-oversize\" \/>\n<meta property=\"og:locale\" content=\"vi_VN\" \/>\n<meta property=\"og:type\" content=\"article\" \/>\n<meta property=\"og:title\" content=\"\u00c1O THUN NAM N\u1eee OVERSIZE - GH5104 - Eriva\" \/>\n<meta property=\"og:description\" content=\"M\u00f4 t\u1ea3 thi\u1ebft k\u1ebf M\u1eb7t tr\u01b0\u1edbc: Mang phong c\u00e1ch t\u1ed1i gi\u1ea3n v\u1edbi logo &#8220;Eriva Creative Entrepreneur&#8221; \u0111\u01b0\u1ee3c in nh\u1ecf tinh t\u1ebf \u1edf ng\u1ef1c tr\u00e1i, t\u1ea1o v\u1ebb ngo\u00e0i hi\u1ec7n \u0111\u1ea1i v\u00e0 chuy\u00ean nghi\u1ec7p. M\u1eb7t sau: \u0110i\u1ec3m nh\u1ea5n l\u00e0 h\u00ecnh in G\u1ea5u Graffiti kh\u1ed5 l\u1edbn c\u1ef1c ng\u1ea7u v\u1edbi c\u00e1c hi\u1ec7u \u1ee9ng s\u01a1n ch\u1ea3y (Drip Art) v\u00e0 m\u1eaft &hellip;\" \/>\n<meta property=\"og:url\" content=\"https:\/\/eriva.site\/?product=ao-thun-nam-nu-oversize\" \/>\n<meta property=\"og:site_name\" content=\"Eriva\" \/>\n<meta property=\"article:publisher\" content=\"https:\/\/www.facebook.com\/\" \/>\n<meta property=\"article:modified_time\" content=\"2026-04-10T01:48:24+00:00\" \/>\n<meta property=\"og:image\" content=\"https:\/\/eriva.site\/wp-content\/uploads\/2026\/01\/Gemini_Generated_Image_ynf0zzynf0zzynf0.png\" \/>\n\t<meta property=\"og:image:width\" content=\"1024\" \/>\n\t<meta property=\"og:image:height\" content=\"1024\" \/>\n\t<meta property=\"og:image:type\" content=\"image\/png\" \/>\n<meta name=\"twitter:card\" content=\"summary_large_image\" \/>\n<meta name=\"twitter:label1\" content=\"\u01af\u1edbc t\u00ednh th\u1eddi gian \u0111\u1ecdc\" \/>\n\t<meta name=\"twitter:data1\" content=\"1 ph\u00fat\" \/>\n<script type=\"application\/ld+json\" class=\"yoast-schema-graph\">{\"@context\":\"https:\/\/schema.org\",\"@graph\":[{\"@type\":\"WebPage\",\"@id\":\"https:\/\/eriva.site\/?product=ao-thun-nam-nu-oversize\",\"url\":\"https:\/\/eriva.site\/?product=ao-thun-nam-nu-oversize\",\"name\":\"\u00c1O THUN NAM N\u1eee OVERSIZE - GH5104 - Eriva\",\"isPartOf\":{\"@id\":\"https:\/\/eriva.site\/#website\"},\"primaryImageOfPage\":{\"@id\":\"https:\/\/eriva.site\/?product=ao-thun-nam-nu-oversize#primaryimage\"},\"image\":{\"@id\":\"https:\/\/eriva.site\/?product=ao-thun-nam-nu-oversize#primaryimage\"},\"thumbnailUrl\":\"https:\/\/eriva.site\/wp-content\/uploads\/2026\/01\/Gemini_Generated_Image_ynf0zzynf0zzynf0.png\",\"datePublished\":\"2026-01-07T03:43:45+00:00\",\"dateModified\":\"2026-04-10T01:48:24+00:00\",\"breadcrumb\":{\"@id\":\"https:\/\/eriva.site\/?product=ao-thun-nam-nu-oversize#breadcrumb\"},\"inLanguage\":\"vi\",\"potentialAction\":[{\"@type\":\"ReadAction\",\"target\":[\"https:\/\/eriva.site\/?product=ao-thun-nam-nu-oversize\"]}]},{\"@type\":\"ImageObject\",\"inLanguage\":\"vi\",\"@id\":\"https:\/\/eriva.site\/?product=ao-thun-nam-nu-oversize#primaryimage\",\"url\":\"https:\/\/eriva.site\/wp-content\/uploads\/2026\/01\/Gemini_Generated_Image_ynf0zzynf0zzynf0.png\",\"contentUrl\":\"https:\/\/eriva.site\/wp-content\/uploads\/2026\/01\/Gemini_Generated_Image_ynf0zzynf0zzynf0.png\",\"width\":1024,\"height\":1024},{\"@type\":\"BreadcrumbList\",\"@id\":\"https:\/\/eriva.site\/?product=ao-thun-nam-nu-oversize#breadcrumb\",\"itemListElement\":[{\"@type\":\"ListItem\",\"position\":1,\"name\":\"Trang ch\u1ee7\",\"item\":\"https:\/\/eriva.site\/\"},{\"@type\":\"ListItem\",\"position\":2,\"name\":\"C\u1eeda h\u00e0ng\",\"item\":\"https:\/\/eriva.site\/\"},{\"@type\":\"ListItem\",\"position\":3,\"name\":\"\u00c1O THUN NAM N\u1eee OVERSIZE &#8211; GH5104\"}]},{\"@type\":\"WebSite\",\"@id\":\"https:\/\/eriva.site\/#website\",\"url\":\"https:\/\/eriva.site\/\",\"name\":\"Eriva\",\"description\":\"ERIVA \u2013 Thanh l\u1ecbch trong t\u1eebng kho\u1ea3nh kh\u1eafc.\",\"publisher\":{\"@id\":\"https:\/\/eriva.site\/#organization\"},\"potentialAction\":[{\"@type\":\"SearchAction\",\"target\":{\"@type\":\"EntryPoint\",\"urlTemplate\":\"https:\/\/eriva.site\/?s={search_term_string}\"},\"query-input\":{\"@type\":\"PropertyValueSpecification\",\"valueRequired\":true,\"valueName\":\"search_term_string\"}}],\"inLanguage\":\"vi\"},{\"@type\":\"Organization\",\"@id\":\"https:\/\/eriva.site\/#organization\",\"name\":\"Eriva\",\"url\":\"https:\/\/eriva.site\/\",\"logo\":{\"@type\":\"ImageObject\",\"inLanguage\":\"vi\",\"@id\":\"https:\/\/eriva.site\/#\/schema\/logo\/image\/\",\"url\":\"https:\/\/eriva.site\/wp-content\/uploads\/2026\/04\/cropped-z7709650128450_6c21c0c3ccae48663f0d94349b091c4f.jpg\",\"contentUrl\":\"https:\/\/eriva.site\/wp-content\/uploads\/2026\/04\/cropped-z7709650128450_6c21c0c3ccae48663f0d94349b091c4f.jpg\",\"width\":976,\"height\":865,\"caption\":\"Eriva\"},\"image\":{\"@id\":\"https:\/\/eriva.site\/#\/schema\/logo\/image\/\"},\"sameAs\":[\"https:\/\/www.facebook.com\/\"]}]}<\/script>\n<!-- \/ Yoast SEO plugin. -->","yoast_head_json":{"title":"\u00c1O THUN NAM N\u1eee OVERSIZE - GH5104 - Eriva","robots":{"index":"index","follow":"follow","max-snippet":"max-snippet:-1","max-image-preview":"max-image-preview:large","max-video-preview":"max-video-preview:-1"},"canonical":"https:\/\/eriva.site\/?product=ao-thun-nam-nu-oversize","og_locale":"vi_VN","og_type":"article","og_title":"\u00c1O THUN NAM N\u1eee OVERSIZE - GH5104 - Eriva","og_description":"M\u00f4 t\u1ea3 thi\u1ebft k\u1ebf M\u1eb7t tr\u01b0\u1edbc: Mang phong c\u00e1ch t\u1ed1i gi\u1ea3n v\u1edbi logo &#8220;Eriva Creative Entrepreneur&#8221; \u0111\u01b0\u1ee3c in nh\u1ecf tinh t\u1ebf \u1edf ng\u1ef1c tr\u00e1i, t\u1ea1o v\u1ebb ngo\u00e0i hi\u1ec7n \u0111\u1ea1i v\u00e0 chuy\u00ean nghi\u1ec7p. M\u1eb7t sau: \u0110i\u1ec3m nh\u1ea5n l\u00e0 h\u00ecnh in G\u1ea5u Graffiti kh\u1ed5 l\u1edbn c\u1ef1c ng\u1ea7u v\u1edbi c\u00e1c hi\u1ec7u \u1ee9ng s\u01a1n ch\u1ea3y (Drip Art) v\u00e0 m\u1eaft &hellip;","og_url":"https:\/\/eriva.site\/?product=ao-thun-nam-nu-oversize","og_site_name":"Eriva","article_publisher":"https:\/\/www.facebook.com\/","article_modified_time":"2026-04-10T01:48:24+00:00","og_image":[{"width":1024,"height":1024,"url":"https:\/\/eriva.site\/wp-content\/uploads\/2026\/01\/Gemini_Generated_Image_ynf0zzynf0zzynf0.png","type":"image\/png"}],"twitter_card":"summary_large_image","twitter_misc":{"\u01af\u1edbc t\u00ednh th\u1eddi gian \u0111\u1ecdc":"1 ph\u00fat"},"schema":{"@context":"https:\/\/schema.org","@graph":[{"@type":"WebPage","@id":"https:\/\/eriva.site\/?product=ao-thun-nam-nu-oversize","url":"https:\/\/eriva.site\/?product=ao-thun-nam-nu-oversize","name":"\u00c1O THUN NAM N\u1eee OVERSIZE - GH5104 - Eriva","isPartOf":{"@id":"https:\/\/eriva.site\/#website"},"primaryImageOfPage":{"@id":"https:\/\/eriva.site\/?product=ao-thun-nam-nu-oversize#primaryimage"},"image":{"@id":"https:\/\/eriva.site\/?product=ao-thun-nam-nu-oversize#primaryimage"},"thumbnailUrl":"https:\/\/eriva.site\/wp-content\/uploads\/2026\/01\/Gemini_Generated_Image_ynf0zzynf0zzynf0.png","datePublished":"2026-01-07T03:43:45+00:00","dateModified":"2026-04-10T01:48:24+00:00","breadcrumb":{"@id":"https:\/\/eriva.site\/?product=ao-thun-nam-nu-oversize#breadcrumb"},"inLanguage":"vi","potentialAction":[{"@type":"ReadAction","target":["https:\/\/eriva.site\/?product=ao-thun-nam-nu-oversize"]}]},{"@type":"ImageObject","inLanguage":"vi","@id":"https:\/\/eriva.site\/?product=ao-thun-nam-nu-oversize#primaryimage","url":"https:\/\/eriva.site\/wp-content\/uploads\/2026\/01\/Gemini_Generated_Image_ynf0zzynf0zzynf0.png","contentUrl":"https:\/\/eriva.site\/wp-content\/uploads\/2026\/01\/Gemini_Generated_Image_ynf0zzynf0zzynf0.png","width":1024,"height":1024},{"@type":"BreadcrumbList","@id":"https:\/\/eriva.site\/?product=ao-thun-nam-nu-oversize#breadcrumb","itemListElement":[{"@type":"ListItem","position":1,"name":"Trang ch\u1ee7","item":"https:\/\/eriva.site\/"},{"@type":"ListItem","position":2,"name":"C\u1eeda h\u00e0ng","item":"https:\/\/eriva.site\/"},{"@type":"ListItem","position":3,"name":"\u00c1O THUN NAM N\u1eee OVERSIZE &#8211; GH5104"}]},{"@type":"WebSite","@id":"https:\/\/eriva.site\/#website","url":"https:\/\/eriva.site\/","name":"Eriva","description":"ERIVA \u2013 Thanh l\u1ecbch trong t\u1eebng kho\u1ea3nh kh\u1eafc.","publisher":{"@id":"https:\/\/eriva.site\/#organization"},"potentialAction":[{"@type":"SearchAction","target":{"@type":"EntryPoint","urlTemplate":"https:\/\/eriva.site\/?s={search_term_string}"},"query-input":{"@type":"PropertyValueSpecification","valueRequired":true,"valueName":"search_term_string"}}],"inLanguage":"vi"},{"@type":"Organization","@id":"https:\/\/eriva.site\/#organization","name":"Eriva","url":"https:\/\/eriva.site\/","logo":{"@type":"ImageObject","inLanguage":"vi","@id":"https:\/\/eriva.site\/#\/schema\/logo\/image\/","url":"https:\/\/eriva.site\/wp-content\/uploads\/2026\/04\/cropped-z7709650128450_6c21c0c3ccae48663f0d94349b091c4f.jpg","contentUrl":"https:\/\/eriva.site\/wp-content\/uploads\/2026\/04\/cropped-z7709650128450_6c21c0c3ccae48663f0d94349b091c4f.jpg","width":976,"height":865,"caption":"Eriva"},"image":{"@id":"https:\/\/eriva.site\/#\/schema\/logo\/image\/"},"sameAs":["https:\/\/www.facebook.com\/"]}]}},"jetpack_sharing_enabled":true,"_links":{"self":[{"href":"https:\/\/eriva.site\/index.php?rest_route=\/wp\/v2\/product\/148","targetHints":{"allow":["GET"]}}],"collection":[{"href":"https:\/\/eriva.site\/index.php?rest_route=\/wp\/v2\/product"}],"about":[{"href":"https:\/\/eriva.site\/index.php?rest_route=\/wp\/v2\/types\/product"}],"replies":[{"embeddable":true,"href":"https:\/\/eriva.site\/index.php?rest_route=%2Fwp%2Fv2%2Fcomments&post=148"}],"wp:featuredmedia":[{"embeddable":true,"href":"https:\/\/eriva.site\/index.php?rest_route=\/wp\/v2\/media\/153"}],"wp:attachment":[{"href":"https:\/\/eriva.site\/index.php?rest_route=%2Fwp%2Fv2%2Fmedia&parent=148"}],"wp:term":[{"taxonomy":"product_brand","embeddable":true,"href":"https:\/\/eriva.site\/index.php?rest_route=%2Fwp%2Fv2%2Fproduct_brand&post=148"},{"taxonomy":"product_cat","embeddable":true,"href":"https:\/\/eriva.site\/index.php?rest_route=%2Fwp%2Fv2%2Fproduct_cat&post=148"},{"taxonomy":"product_tag","embeddable":true,"href":"https:\/\/eriva.site\/index.php?rest_route=%2Fwp%2Fv2%2Fproduct_tag&post=148"}],"curies":[{"name":"wp","href":"https:\/\/api.w.org\/{rel}","templated":true}]}}