{"id":161,"date":"2026-01-07T03:57:35","date_gmt":"2026-01-07T03:57:35","guid":{"rendered":"https:\/\/eriva.site\/?post_type=product&#038;p=161"},"modified":"2026-04-10T01:44:05","modified_gmt":"2026-04-10T01:44:05","slug":"ao-thun-trendy-nam-nu","status":"publish","type":"product","link":"https:\/\/eriva.site\/?product=ao-thun-trendy-nam-nu","title":{"rendered":"\u00c1O THUN TRENDY NAM N\u1eee &#8211; GH1564"},"content":{"rendered":"<h3 data-path-to-node=\"1\"><b data-path-to-node=\"1\" data-index-in-node=\"0\">\u00f4 t\u1ea3 S\u1ea3n ph\u1ea9m<\/b><\/h3>\n<ul data-path-to-node=\"2\">\n<li>\n<p data-path-to-node=\"2,0,0\"><b data-path-to-node=\"2,0,0\" data-index-in-node=\"0\">Ki\u1ec3u d\u00e1ng:<\/b> \u00c1o thun c\u1ed5 tr\u00f2n (Round Neck), tay ng\u1eafn, form d\u00e1ng Oversize hi\u1ec7n \u0111\u1ea1i, mang l\u1ea1i s\u1ef1 tho\u1ea3i m\u00e1i v\u00e0 phong c\u00e1ch n\u0103ng \u0111\u1ed9ng, tr\u1ebb trung.<\/p>\n<\/li>\n<li>\n<p data-path-to-node=\"2,1,0\"><b data-path-to-node=\"2,1,0\" data-index-in-node=\"0\">Ch\u1ea5t li\u1ec7u:<\/b> V\u1ea3i thun Cotton 100% (ho\u1eb7c Cotton 2 chi\u1ec1u\/4 chi\u1ec1u) \u0111\u1ecbnh l\u01b0\u1ee3ng d\u00e0y d\u1eb7n (kho\u1ea3ng 230gsm &#8211; 250gsm), gi\u00fap \u00e1o gi\u1eef form t\u1ed1t, th\u1ea5m h\u00fat m\u1ed3 h\u00f4i hi\u1ec7u qu\u1ea3 v\u00e0 m\u1ec1m m\u1ea1i v\u1edbi da.<\/p>\n<\/li>\n<li>\n<p data-path-to-node=\"2,2,0\"><b data-path-to-node=\"2,2,0\" data-index-in-node=\"0\">M\u00e0u s\u1eafc:<\/b> \u0110en basic (Black), d\u1ec5 d\u00e0ng ph\u1ed1i v\u1edbi nhi\u1ec1u lo\u1ea1i trang ph\u1ee5c kh\u00e1c nhau.<\/p>\n<\/li>\n<li>\n<p data-path-to-node=\"2,3,0\"><b data-path-to-node=\"2,3,0\" data-index-in-node=\"0\">Thi\u1ebft k\u1ebf \u0111i\u1ec3m nh\u1ea5n:<\/b><\/p>\n<ul data-path-to-node=\"2,3,1\">\n<li>\n<p data-path-to-node=\"2,3,1,0,0\"><b data-path-to-node=\"2,3,1,0,0\" data-index-in-node=\"0\">Trung t\u00e2m:<\/b> H\u00ecnh in \u0111\u1ed3 h\u1ecda phong c\u00e1ch Streetwear\/Gothic v\u1edbi h\u1ecda ti\u1ebft ng\u00f4i sao gai g\u00f3c ph\u1ed1i m\u00e0u xanh d\u01b0\u01a1ng &#8211; tr\u1eafng b\u1ea1c \u0111\u1ea7y c\u00e1 t\u00ednh.<\/p>\n<\/li>\n<li>\n<p data-path-to-node=\"2,3,1,1,0\"><b data-path-to-node=\"2,3,1,1,0\" data-index-in-node=\"0\">G\u00f3c tr\u00ean:<\/b> Logo th\u01b0\u01a1ng hi\u1ec7u &#8220;Eriva&#8221; \u0111\u01b0\u1ee3c in tinh t\u1ebf \u1edf g\u00f3c ng\u1ef1c\/m\u00e0n h\u00ecnh, t\u1ea1o \u0111i\u1ec3m nh\u1ea5n nh\u1eadn di\u1ec7n th\u01b0\u01a1ng hi\u1ec7u chuy\u00ean nghi\u1ec7p.<\/p>\n<\/li>\n<\/ul>\n<\/li>\n<\/ul>\n","protected":false},"excerpt":{"rendered":"<p>\u00f4 t\u1ea3 S\u1ea3n ph\u1ea9m Ki\u1ec3u d\u00e1ng: \u00c1o thun c\u1ed5 tr\u00f2n (Round Neck), tay ng\u1eafn, form d\u00e1ng Oversize hi\u1ec7n \u0111\u1ea1i, mang l\u1ea1i s\u1ef1 tho\u1ea3i m\u00e1i v\u00e0 phong c\u00e1ch n\u0103ng \u0111\u1ed9ng, tr\u1ebb trung. Ch\u1ea5t li\u1ec7u: V\u1ea3i thun Cotton 100% (ho\u1eb7c Cotton 2 chi\u1ec1u\/4 chi\u1ec1u) \u0111\u1ecbnh l\u01b0\u1ee3ng d\u00e0y d\u1eb7n (kho\u1ea3ng 230gsm &#8211; 250gsm), gi\u00fap \u00e1o gi\u1eef form t\u1ed1t, &hellip; <\/p>\n","protected":false},"featured_media":167,"comment_status":"open","ping_status":"closed","template":"","meta":[],"product_brand":[],"product_cat":[16],"product_tag":[],"class_list":{"0":"post-161","1":"product","2":"type-product","3":"status-publish","4":"has-post-thumbnail","6":"product_cat-khong-co","8":"first","9":"instock","10":"sale","11":"shipping-taxable","12":"purchasable","13":"product-type-simple"},"yoast_head":"<!-- This site is optimized with the Yoast SEO plugin v26.8 - https:\/\/yoast.com\/product\/yoast-seo-wordpress\/ -->\n<title>\u00c1O THUN TRENDY NAM N\u1eee - GH1564 - Eriva<\/title>\n<meta name=\"robots\" content=\"index, follow, max-snippet:-1, max-image-preview:large, max-video-preview:-1\" \/>\n<link rel=\"canonical\" href=\"https:\/\/eriva.site\/?product=ao-thun-trendy-nam-nu\" \/>\n<meta property=\"og:locale\" content=\"vi_VN\" \/>\n<meta property=\"og:type\" content=\"article\" \/>\n<meta property=\"og:title\" content=\"\u00c1O THUN TRENDY NAM N\u1eee - GH1564 - Eriva\" \/>\n<meta property=\"og:description\" content=\"\u00f4 t\u1ea3 S\u1ea3n ph\u1ea9m Ki\u1ec3u d\u00e1ng: \u00c1o thun c\u1ed5 tr\u00f2n (Round Neck), tay ng\u1eafn, form d\u00e1ng Oversize hi\u1ec7n \u0111\u1ea1i, mang l\u1ea1i s\u1ef1 tho\u1ea3i m\u00e1i v\u00e0 phong c\u00e1ch n\u0103ng \u0111\u1ed9ng, tr\u1ebb trung. Ch\u1ea5t li\u1ec7u: V\u1ea3i thun Cotton 100% (ho\u1eb7c Cotton 2 chi\u1ec1u\/4 chi\u1ec1u) \u0111\u1ecbnh l\u01b0\u1ee3ng d\u00e0y d\u1eb7n (kho\u1ea3ng 230gsm &#8211; 250gsm), gi\u00fap \u00e1o gi\u1eef form t\u1ed1t, &hellip;\" \/>\n<meta property=\"og:url\" content=\"https:\/\/eriva.site\/?product=ao-thun-trendy-nam-nu\" \/>\n<meta property=\"og:site_name\" content=\"Eriva\" \/>\n<meta property=\"article:publisher\" content=\"https:\/\/www.facebook.com\/\" \/>\n<meta property=\"article:modified_time\" content=\"2026-04-10T01:44:05+00:00\" \/>\n<meta property=\"og:image\" content=\"https:\/\/eriva.site\/wp-content\/uploads\/2026\/01\/Gemini_Generated_Image_i5cx61i5cx61i5cx.png\" \/>\n\t<meta property=\"og:image:width\" content=\"1024\" \/>\n\t<meta property=\"og:image:height\" content=\"1024\" \/>\n\t<meta property=\"og:image:type\" content=\"image\/png\" \/>\n<meta name=\"twitter:card\" content=\"summary_large_image\" \/>\n<meta name=\"twitter:label1\" content=\"\u01af\u1edbc t\u00ednh th\u1eddi gian \u0111\u1ecdc\" \/>\n\t<meta name=\"twitter:data1\" content=\"1 ph\u00fat\" \/>\n<script type=\"application\/ld+json\" class=\"yoast-schema-graph\">{\"@context\":\"https:\/\/schema.org\",\"@graph\":[{\"@type\":\"WebPage\",\"@id\":\"https:\/\/eriva.site\/?product=ao-thun-trendy-nam-nu\",\"url\":\"https:\/\/eriva.site\/?product=ao-thun-trendy-nam-nu\",\"name\":\"\u00c1O THUN TRENDY NAM N\u1eee - GH1564 - Eriva\",\"isPartOf\":{\"@id\":\"https:\/\/eriva.site\/#website\"},\"primaryImageOfPage\":{\"@id\":\"https:\/\/eriva.site\/?product=ao-thun-trendy-nam-nu#primaryimage\"},\"image\":{\"@id\":\"https:\/\/eriva.site\/?product=ao-thun-trendy-nam-nu#primaryimage\"},\"thumbnailUrl\":\"https:\/\/eriva.site\/wp-content\/uploads\/2026\/01\/Gemini_Generated_Image_i5cx61i5cx61i5cx.png\",\"datePublished\":\"2026-01-07T03:57:35+00:00\",\"dateModified\":\"2026-04-10T01:44:05+00:00\",\"breadcrumb\":{\"@id\":\"https:\/\/eriva.site\/?product=ao-thun-trendy-nam-nu#breadcrumb\"},\"inLanguage\":\"vi\",\"potentialAction\":[{\"@type\":\"ReadAction\",\"target\":[\"https:\/\/eriva.site\/?product=ao-thun-trendy-nam-nu\"]}]},{\"@type\":\"ImageObject\",\"inLanguage\":\"vi\",\"@id\":\"https:\/\/eriva.site\/?product=ao-thun-trendy-nam-nu#primaryimage\",\"url\":\"https:\/\/eriva.site\/wp-content\/uploads\/2026\/01\/Gemini_Generated_Image_i5cx61i5cx61i5cx.png\",\"contentUrl\":\"https:\/\/eriva.site\/wp-content\/uploads\/2026\/01\/Gemini_Generated_Image_i5cx61i5cx61i5cx.png\",\"width\":1024,\"height\":1024},{\"@type\":\"BreadcrumbList\",\"@id\":\"https:\/\/eriva.site\/?product=ao-thun-trendy-nam-nu#breadcrumb\",\"itemListElement\":[{\"@type\":\"ListItem\",\"position\":1,\"name\":\"Trang ch\u1ee7\",\"item\":\"https:\/\/eriva.site\/\"},{\"@type\":\"ListItem\",\"position\":2,\"name\":\"C\u1eeda h\u00e0ng\",\"item\":\"https:\/\/eriva.site\/\"},{\"@type\":\"ListItem\",\"position\":3,\"name\":\"\u00c1O THUN TRENDY NAM N\u1eee &#8211; GH1564\"}]},{\"@type\":\"WebSite\",\"@id\":\"https:\/\/eriva.site\/#website\",\"url\":\"https:\/\/eriva.site\/\",\"name\":\"Eriva\",\"description\":\"ERIVA \u2013 Thanh l\u1ecbch trong t\u1eebng kho\u1ea3nh kh\u1eafc.\",\"publisher\":{\"@id\":\"https:\/\/eriva.site\/#organization\"},\"potentialAction\":[{\"@type\":\"SearchAction\",\"target\":{\"@type\":\"EntryPoint\",\"urlTemplate\":\"https:\/\/eriva.site\/?s={search_term_string}\"},\"query-input\":{\"@type\":\"PropertyValueSpecification\",\"valueRequired\":true,\"valueName\":\"search_term_string\"}}],\"inLanguage\":\"vi\"},{\"@type\":\"Organization\",\"@id\":\"https:\/\/eriva.site\/#organization\",\"name\":\"Eriva\",\"url\":\"https:\/\/eriva.site\/\",\"logo\":{\"@type\":\"ImageObject\",\"inLanguage\":\"vi\",\"@id\":\"https:\/\/eriva.site\/#\/schema\/logo\/image\/\",\"url\":\"https:\/\/eriva.site\/wp-content\/uploads\/2026\/04\/cropped-z7709650128450_6c21c0c3ccae48663f0d94349b091c4f.jpg\",\"contentUrl\":\"https:\/\/eriva.site\/wp-content\/uploads\/2026\/04\/cropped-z7709650128450_6c21c0c3ccae48663f0d94349b091c4f.jpg\",\"width\":976,\"height\":865,\"caption\":\"Eriva\"},\"image\":{\"@id\":\"https:\/\/eriva.site\/#\/schema\/logo\/image\/\"},\"sameAs\":[\"https:\/\/www.facebook.com\/\"]}]}<\/script>\n<!-- \/ Yoast SEO plugin. -->","yoast_head_json":{"title":"\u00c1O THUN TRENDY NAM N\u1eee - GH1564 - Eriva","robots":{"index":"index","follow":"follow","max-snippet":"max-snippet:-1","max-image-preview":"max-image-preview:large","max-video-preview":"max-video-preview:-1"},"canonical":"https:\/\/eriva.site\/?product=ao-thun-trendy-nam-nu","og_locale":"vi_VN","og_type":"article","og_title":"\u00c1O THUN TRENDY NAM N\u1eee - GH1564 - Eriva","og_description":"\u00f4 t\u1ea3 S\u1ea3n ph\u1ea9m Ki\u1ec3u d\u00e1ng: \u00c1o thun c\u1ed5 tr\u00f2n (Round Neck), tay ng\u1eafn, form d\u00e1ng Oversize hi\u1ec7n \u0111\u1ea1i, mang l\u1ea1i s\u1ef1 tho\u1ea3i m\u00e1i v\u00e0 phong c\u00e1ch n\u0103ng \u0111\u1ed9ng, tr\u1ebb trung. Ch\u1ea5t li\u1ec7u: V\u1ea3i thun Cotton 100% (ho\u1eb7c Cotton 2 chi\u1ec1u\/4 chi\u1ec1u) \u0111\u1ecbnh l\u01b0\u1ee3ng d\u00e0y d\u1eb7n (kho\u1ea3ng 230gsm &#8211; 250gsm), gi\u00fap \u00e1o gi\u1eef form t\u1ed1t, &hellip;","og_url":"https:\/\/eriva.site\/?product=ao-thun-trendy-nam-nu","og_site_name":"Eriva","article_publisher":"https:\/\/www.facebook.com\/","article_modified_time":"2026-04-10T01:44:05+00:00","og_image":[{"width":1024,"height":1024,"url":"https:\/\/eriva.site\/wp-content\/uploads\/2026\/01\/Gemini_Generated_Image_i5cx61i5cx61i5cx.png","type":"image\/png"}],"twitter_card":"summary_large_image","twitter_misc":{"\u01af\u1edbc t\u00ednh th\u1eddi gian \u0111\u1ecdc":"1 ph\u00fat"},"schema":{"@context":"https:\/\/schema.org","@graph":[{"@type":"WebPage","@id":"https:\/\/eriva.site\/?product=ao-thun-trendy-nam-nu","url":"https:\/\/eriva.site\/?product=ao-thun-trendy-nam-nu","name":"\u00c1O THUN TRENDY NAM N\u1eee - GH1564 - Eriva","isPartOf":{"@id":"https:\/\/eriva.site\/#website"},"primaryImageOfPage":{"@id":"https:\/\/eriva.site\/?product=ao-thun-trendy-nam-nu#primaryimage"},"image":{"@id":"https:\/\/eriva.site\/?product=ao-thun-trendy-nam-nu#primaryimage"},"thumbnailUrl":"https:\/\/eriva.site\/wp-content\/uploads\/2026\/01\/Gemini_Generated_Image_i5cx61i5cx61i5cx.png","datePublished":"2026-01-07T03:57:35+00:00","dateModified":"2026-04-10T01:44:05+00:00","breadcrumb":{"@id":"https:\/\/eriva.site\/?product=ao-thun-trendy-nam-nu#breadcrumb"},"inLanguage":"vi","potentialAction":[{"@type":"ReadAction","target":["https:\/\/eriva.site\/?product=ao-thun-trendy-nam-nu"]}]},{"@type":"ImageObject","inLanguage":"vi","@id":"https:\/\/eriva.site\/?product=ao-thun-trendy-nam-nu#primaryimage","url":"https:\/\/eriva.site\/wp-content\/uploads\/2026\/01\/Gemini_Generated_Image_i5cx61i5cx61i5cx.png","contentUrl":"https:\/\/eriva.site\/wp-content\/uploads\/2026\/01\/Gemini_Generated_Image_i5cx61i5cx61i5cx.png","width":1024,"height":1024},{"@type":"BreadcrumbList","@id":"https:\/\/eriva.site\/?product=ao-thun-trendy-nam-nu#breadcrumb","itemListElement":[{"@type":"ListItem","position":1,"name":"Trang ch\u1ee7","item":"https:\/\/eriva.site\/"},{"@type":"ListItem","position":2,"name":"C\u1eeda h\u00e0ng","item":"https:\/\/eriva.site\/"},{"@type":"ListItem","position":3,"name":"\u00c1O THUN TRENDY NAM N\u1eee &#8211; GH1564"}]},{"@type":"WebSite","@id":"https:\/\/eriva.site\/#website","url":"https:\/\/eriva.site\/","name":"Eriva","description":"ERIVA \u2013 Thanh l\u1ecbch trong t\u1eebng kho\u1ea3nh kh\u1eafc.","publisher":{"@id":"https:\/\/eriva.site\/#organization"},"potentialAction":[{"@type":"SearchAction","target":{"@type":"EntryPoint","urlTemplate":"https:\/\/eriva.site\/?s={search_term_string}"},"query-input":{"@type":"PropertyValueSpecification","valueRequired":true,"valueName":"search_term_string"}}],"inLanguage":"vi"},{"@type":"Organization","@id":"https:\/\/eriva.site\/#organization","name":"Eriva","url":"https:\/\/eriva.site\/","logo":{"@type":"ImageObject","inLanguage":"vi","@id":"https:\/\/eriva.site\/#\/schema\/logo\/image\/","url":"https:\/\/eriva.site\/wp-content\/uploads\/2026\/04\/cropped-z7709650128450_6c21c0c3ccae48663f0d94349b091c4f.jpg","contentUrl":"https:\/\/eriva.site\/wp-content\/uploads\/2026\/04\/cropped-z7709650128450_6c21c0c3ccae48663f0d94349b091c4f.jpg","width":976,"height":865,"caption":"Eriva"},"image":{"@id":"https:\/\/eriva.site\/#\/schema\/logo\/image\/"},"sameAs":["https:\/\/www.facebook.com\/"]}]}},"jetpack_sharing_enabled":true,"_links":{"self":[{"href":"https:\/\/eriva.site\/index.php?rest_route=\/wp\/v2\/product\/161","targetHints":{"allow":["GET"]}}],"collection":[{"href":"https:\/\/eriva.site\/index.php?rest_route=\/wp\/v2\/product"}],"about":[{"href":"https:\/\/eriva.site\/index.php?rest_route=\/wp\/v2\/types\/product"}],"replies":[{"embeddable":true,"href":"https:\/\/eriva.site\/index.php?rest_route=%2Fwp%2Fv2%2Fcomments&post=161"}],"wp:featuredmedia":[{"embeddable":true,"href":"https:\/\/eriva.site\/index.php?rest_route=\/wp\/v2\/media\/167"}],"wp:attachment":[{"href":"https:\/\/eriva.site\/index.php?rest_route=%2Fwp%2Fv2%2Fmedia&parent=161"}],"wp:term":[{"taxonomy":"product_brand","embeddable":true,"href":"https:\/\/eriva.site\/index.php?rest_route=%2Fwp%2Fv2%2Fproduct_brand&post=161"},{"taxonomy":"product_cat","embeddable":true,"href":"https:\/\/eriva.site\/index.php?rest_route=%2Fwp%2Fv2%2Fproduct_cat&post=161"},{"taxonomy":"product_tag","embeddable":true,"href":"https:\/\/eriva.site\/index.php?rest_route=%2Fwp%2Fv2%2Fproduct_tag&post=161"}],"curies":[{"name":"wp","href":"https:\/\/api.w.org\/{rel}","templated":true}]}}